e (-6)/(-14) - 334134/(-2394). Suppose 5*o - 2*g - 298 = 0, o + 3*g = -o + 123. What is the greatest common divisor of o and b?
20
Suppose 4084*i - 48020 = 4070*i. What is the highest common divisor of 98 and i?
98
Let m be (-24)/36 - (1596/9)/(-2). Suppose 0 = -78*z + m*z - 110. Calculate the greatest common factor of z and 352.
11
Let a = -3 + 10. Let n be ((-5)/(-4))/(-1*115/(-3864)). What is the greatest common factor of a and n?
7
Let c be ((-5)/(-15) + 7508/(-24))*112/(-10). Calculate the greatest common factor of c and 42.
14
Let r be (1 + -3)*(-910)/28. Let i be 2948/10 + (-52)/r. Let p = i - 184. What is the greatest common factor of 10 and p?
10
Let v be 7/2 + (-17 - -12) - 145746/(-12). Calculate the greatest common factor of 12 and v.
12
Let c = -69 + 88. Let x(f) = -f**3 + 3*f**2 + 6*f - 10. Let v be x(4). Let m = v + c. Calculate the greatest common factor of m and 85.
17
Let p be (-16 - (-25 + 15))*-164. Calculate the greatest common divisor of 84 and p.
12
Suppose -4*y - 12236 = -6*h, 2*h + 3*y = -0*h + 4109. Calculate the highest common factor of h and 4.
4
Suppose -94*d = -100*d + 4374. Suppose -49*h + 46*h = -d. What is the greatest common divisor of h and 9?
9
Suppose 25*k = -5*k + 5970. Suppose -k = -15*b + 296. What is the highest common divisor of b and 33?
33
Let c = 3776 - 3594. Let l(r) = r**2 - 4*r - 4. Let s be l(-4). What is the highest common divisor of c and s?
14
Suppose 64*u - 9323 = -16*u + 63477. Calculate the highest common factor of 70 and u.
70
Let a be ((-123)/6)/(52/(-8) + 6). Let f = 89 - a. Let n = 119 + 1. Calculate the highest common factor of n and f.
24
Let w = 1628 + -1610. Let j(n) = 4*n + 2. Let l be j(2). Suppose -a - 3*a = -3*x + w, l = 2*x - 2*a. What is the highest common divisor of 6 and x?
2
Let m(n) = -6 + n + 1 - 1 - 2*n. Let z be m(-6). Suppose h + 2*x - 7 = z, -2*h - 1 = -2*x - 3. What is the highest common divisor of 33 and h?
3
Let c = 1936 + -1865. Calculate the highest common divisor of c and 2.
1
Let a(i) = -71*i - 88. Let w be a(-4). Calculate the highest common divisor of 84 and w.
28
Let n be (-2)/(-29) - ((-446391)/87 + -1) - -1. What is the greatest common factor of n and 29?
29
Suppose 0 = -2505*u + 2563*u - 232. Calculate the highest common divisor of 3644 and u.
4
Suppose 5*b = 4*j - 1438, 365 = -957*j + 958*j - 4*b. What is the greatest common factor of 588 and j?
21
Let n(r) = -r**2 - 16*r + 13. Let l be n(-13). Let q be (-27)/(-7) + 14/98. What is the highest common factor of q and l?
4
Let g be 84403/8 + 93/992*-4. What is the greatest common divisor of g and 200?
50
Let i(g) = -29*g - 7. Let m be (-14 + 12)/(-1 + 3). Let t be i(m). Let c be -9*3/((-18)/22). What is the greatest common factor of t and c?
11
Let x be (-46 - -31)*((-2)/3)/1. Let p be 3 + x - -1*(2 + 3). Calculate the greatest common divisor of p and 81.
9
Let l = -1788 + 2334. Calculate the highest common divisor of l and 78.
78
Suppose -4*x + 48 = -4*v + 2*v, -4*v = -x + 26. Suppose -2*p = -2*t + 300, -2*t + 5*p + 9687 = 9417. Calculate the greatest common divisor of x and t.
10
Let r = -407 + 211. Let k = r + 275. Suppose 0*h = 3*f - 5*h - k, -3*f - 5*h = -59. Calculate the highest common factor of f and 184.
23
Suppose 5*m = -4*t + 15093, -3*t + 7469 = 4*m - 4605. Calculate the highest common divisor of 7 and m.
7
Let k(g) be the second derivative of g**5/20 + g**4/6 - 5*g**3/3 + 27*g. Let d be k(5). Suppose 9*n - 10 = d. Calculate the greatest common divisor of n and 75.
15
Suppose 0 = 3*u - 450 + 123. Let z be (-5)/(-50)*110 - 10. Calculate the greatest common divisor of u and z.
1
Let q = 27 + -24. Suppose -199*a - 36 = -195*a. Let z be (q/(a/192))/(-2). Calculate the highest common divisor of z and 16.
16
Let q be (3 + -5 - -11) + -3. Let s(w) = w**2 - 4*w + 11. Let k be s(4). Suppose -q = k*l - 72. What is the highest common divisor of 30 and l?
6
Let s be (135/12)/((-2120)/(-96) + -22). Calculate the greatest common divisor of 15984 and s.
27
Suppose -4*q + 6556 = 4*m, 3*m - 3290 = -5*q + 4891. What is the greatest common factor of 72 and q?
24
Suppose -5*m + 2*i + 385 = 0, 4*m - i - 266 = 42. Let x be 4/(-14) - (0 + (-4035)/35). Suppose 38 - x = -7*h. What is the greatest common factor of h and m?
11
Let s(q) = 45*q**2 - 48*q - 9. Let p be s(-4). Calculate the highest common divisor of p and 42.
21
Let a = -7821 - -9030. Calculate the highest common factor of 93 and a.
93
Let r = -176 + 272. Suppose 3*m = -m + 5*t + r, 2*m - 2*t - 48 = 0. Calculate the highest common divisor of m and 88.
8
Suppose -20 = -25*r + 5. Let l(k) = 46*k**2 + 8*k - 9. Let o be l(r). What is the highest common factor of 120 and o?
15
Suppose -100 = 2362*l - 2364*l. Suppose -4*q = -4*h + 1 - 5, 0 = -2*q - 5*h + 37. Let d be ((-3)/q)/((-3)/60). What is the greatest common divisor of d and l?
10
Let y(o) = -o**2 + 111*o - 2929. Let b be y(67). Calculate the greatest common factor of b and 931.
19
Suppose 3*c - 5*c + 8 = 0. Let i be c + (2 - (-144)/2). Let w = 96 - i. What is the greatest common divisor of 18 and w?
18
Let z(x) = -3*x - x**2 - 2*x - 4*x + 5*x - 17. Let g be z(0). Let k = g + 45. Calculate the greatest common divisor of k and 4.
4
Let m(q) = -8*q + 83. Let z(r) = -9*r + 83. Let c(w) = -3*m(w) + 4*z(w). Let a be c(-17). What is the highest common factor of 123 and a?
41
Let r = 23 - 20. Let x(y) = y**3 - 5*y**2 - 6*y - 3. Let s be x(6). Let p be (4 - 1)/(s/(-33)). What is the highest common factor of r and p?
3
Let t(h) = h**3 + 11*h**2 + 2*h + 8. Let i be t(-7). Suppose 7*c - i - 2113 = 0. Suppose 0 = 4*g - c - 151. What is the highest common divisor of 10 and g?
10
Let b(w) = 31 + w**2 - 3 + 4*w - w + 5*w**2 - 7*w**2. Let r be b(5). Calculate the greatest common divisor of r and 126.
18
Suppose 0 = -k - 2*w + 112 - 39, 2*k - 116 = 2*w. Let m be 2/(-15) - (92638/(-28))/(570/76). Calculate the highest common factor of m and k.
63
Let s(h) = -5*h**3 - 9*h**2 + 103*h + 300. Let f be s(-8). What is the greatest common divisor of 511 and f?
73
Let p(s) = -s**3 - 56*s**2 - 61*s - 315. Let o be p(-55). Let g = 15 + 25. Calculate the highest common divisor of o and g.
5
Suppose 2*v = -2*g + 10, -4*g + 22 = 5*v - 1. Suppose -n - 2*n + 6 = -v*y, 4*y - 7 = n. Calculate the greatest common divisor of y and 13.
1
Let a be 38/(-209) - (-1264)/176. Calculate the greatest common divisor of a and 8309.
7
Let g be (7800/45)/(-2)*-24. What is the greatest common divisor of 40 and g?
40
Suppose 4*l + 1077 - 13493 = v, -2*l - v + 6214 = 0. Calculate the highest common factor of l and 115.
115
Let j(a) = -a**3 + 34*a**2 - 8*a - 4. Let b be j(34). Let v = -215 - b. Calculate the greatest common divisor of v and 61.
61
Let p be (2/(-15) - (-548)/60)/((-3)/(-26)). Calculate the highest common factor of p and 18.
6
Let k be (121/26 + (1068/156 - 7))*16. Let y(q) = -q + 24. Let r be y(0). What is the greatest common divisor of k and r?
24
Let r = -508520 + 508814. Suppose -l = -6*l + 4*j + 226, -3*j = -l + 54. What is the highest common divisor of l and r?
42
Let z be (3 - 0)*52/3. Let n be (-135)/75*(46/(-3) + 2). Let g be ((-1248)/9)/(-8)*n. What is the highest common divisor of z and g?
52
Let d(w) = -12 + 72 + 15*w - 9*w. Let z be d(-13). Let u be 354/z*(-16 + 1). Calculate the greatest common divisor of u and 59.
59
Let z(n) = 177*n - 1229. Let d be z(7). Calculate the greatest common factor of d and 5685.
5
Let h(m) = -m**3 - 37*m**2 + 247*m + 76. Let j be h(-46). What is the greatest common divisor of j and 18?
18
Suppose -689*r = -610*r - 79. Calculate the greatest common factor of r and 1686.
1
Suppose 2*p + 8 = 14, -2*p = -2*u + 260. Calculate the highest common divisor of 19 and u.
19
Suppose 4*l + 33 = -3*u + 7*l, 4*u - l = -29. Let o be (u/2)/(-1) + 109. Calculate the highest common divisor of 70 and o.
14
Suppose -9*t + 23992 = -4*t + f, -4*f = -28. Calculate the greatest common divisor of t and 234.
117
Suppose 2 + 3 = q. Let c(s) = 2*s**2 - 15*s + 38. Let x be c(q). Calculate the highest common divisor of x and 234.
13
Suppose g - 4*g - 4*b = -16, -2*b - 12 = -g. Let n be (94/8 - -1)*g. Suppose y - 21 = -4. Calculate the greatest common divisor of y and n.
17
Let h be ((-12)/9)/(56/(-12) - -4). Suppose 4*r + 2*w =